{"id":98,"date":"2023-12-01T15:34:30","date_gmt":"2023-12-01T15:34:30","guid":{"rendered":"http:\/\/ggvd.de\/?page_id=98"},"modified":"2023-12-29T07:10:13","modified_gmt":"2023-12-29T06:10:13","slug":"kooperationen","status":"publish","type":"page","link":"https:\/\/ggvd.de\/?page_id=98","title":{"rendered":"Kooperationen"},"content":{"rendered":"\n<p><strong>Gemeinsam stark<\/strong><\/p>\n\n\n\n<p>Einer alleine ist keiner, weshalb der GGVD e. V. auch eng mit anderen Fachverb\u00e4nden zusammenarbeitet, wie dem Schweizerischen Gefahrgutverband oder dem Internationalen Gefahrgutbeauftragtenverband, der wiederum 27 Einzelverb\u00e4nde in 23 europ\u00e4ischen Staaten vertritt. <\/p>\n\n\n\n<p>Die Informationen von und zu diesen Verb\u00e4nden laufen direkt und werden \u00fcber die Fachgruppe \u201eInternationale Beziehungen\u201c umgesetzt.<\/p>\n","protected":false},"excerpt":{"rendered":"<p>Gemeinsam stark Einer alleine ist keiner, weshalb der GGVD e. V. auch eng mit anderen Fachverb\u00e4nden zusammenarbeitet, wie dem Schweizerischen Gefahrgutverband oder dem Internationalen Gefahrgutbeauftragtenverband, der wiederum 27 Einzelverb\u00e4nde in 23 europ\u00e4ischen Staaten vertritt. Die Informationen von und zu diesen Verb\u00e4nden laufen direkt und werden \u00fcber die Fachgruppe \u201eInternationale Beziehungen\u201c umgesetzt.<\/p>\n","protected":false},"author":1,"featured_media":269,"parent":0,"menu_order":0,"comment_status":"closed","ping_status":"closed","template":"","meta":{"_themeisle_gutenberg_block_has_review":false,"footnotes":""},"class_list":["post-98","page","type-page","status-publish","has-post-thumbnail","hentry"],"jetpack_sharing_enabled":true,"_links":{"self":[{"href":"https:\/\/ggvd.de\/index.php?rest_route=\/wp\/v2\/pages\/98","targetHints":{"allow":["GET"]}}],"collection":[{"href":"https:\/\/ggvd.de\/index.php?rest_route=\/wp\/v2\/pages"}],"about":[{"href":"https:\/\/ggvd.de\/index.php?rest_route=\/wp\/v2\/types\/page"}],"author":[{"embeddable":true,"href":"https:\/\/ggvd.de\/index.php?rest_route=\/wp\/v2\/users\/1"}],"replies":[{"embeddable":true,"href":"https:\/\/ggvd.de\/index.php?rest_route=%2Fwp%2Fv2%2Fcomments&post=98"}],"version-history":[{"count":4,"href":"https:\/\/ggvd.de\/index.php?rest_route=\/wp\/v2\/pages\/98\/revisions"}],"predecessor-version":[{"id":303,"href":"https:\/\/ggvd.de\/index.php?rest_route=\/wp\/v2\/pages\/98\/revisions\/303"}],"wp:featuredmedia":[{"embeddable":true,"href":"https:\/\/ggvd.de\/index.php?rest_route=\/wp\/v2\/media\/269"}],"wp:attachment":[{"href":"https:\/\/ggvd.de\/index.php?rest_route=%2Fwp%2Fv2%2Fmedia&parent=98"}],"curies":[{"name":"wp","href":"https:\/\/api.w.org\/{rel}","templated":true}]}}