{"id":95,"date":"2023-12-01T15:33:15","date_gmt":"2023-12-01T15:33:15","guid":{"rendered":"http:\/\/ggvd.de\/?page_id=95"},"modified":"2023-12-27T10:22:41","modified_gmt":"2023-12-27T09:22:41","slug":"networking","status":"publish","type":"page","link":"https:\/\/ggvd.de\/?page_id=95","title":{"rendered":"Networking"},"content":{"rendered":"\n<p><strong>Perfekt vernetzt<\/strong><\/p>\n\n\n\n<p>Ein funktionierendes Netzwerk und pers\u00f6nliche Kontakte sind unabdingbar in unserem Berufsbild. Bei regelm\u00e4\u00dfigen Verbandsmeetings, wie Fachseminaren, Fachgruppensitzungen oder Mitgliederversammlungen haben unsere Mitglieder die M\u00f6glichkeit sich pers\u00f6nlich kennenzulernen und auszutauschen. <\/p>\n\n\n\n<p>Regelm\u00e4\u00dfige Veranstaltungen z.B. der Gefahrguttalk bieten Ihnen dar\u00fcber hinaus die Gelegenheit, mit Fachleuten in Kontakt zu treten. Sie suchen Ansprechpartner f\u00fcr bestimmte Sach- und Fachfragen? Wir bringen Sie ins Gespr\u00e4ch! Wir bieten Ihnen als Verbandsmitglied die Plattform f\u00fcr eine im Gefahrgutbereich einzigartige Vernetzung auch in die anderen europ\u00e4ischen L\u00e4nder.<\/p>\n","protected":false},"excerpt":{"rendered":"<p>Perfekt vernetzt Ein funktionierendes Netzwerk und pers\u00f6nliche Kontakte sind unabdingbar in unserem Berufsbild. Bei regelm\u00e4\u00dfigen Verbandsmeetings, wie Fachseminaren, Fachgruppensitzungen oder Mitgliederversammlungen haben unsere Mitglieder die M\u00f6glichkeit sich pers\u00f6nlich kennenzulernen und auszutauschen. Regelm\u00e4\u00dfige Veranstaltungen z.B. der Gefahrguttalk bieten Ihnen dar\u00fcber hinaus die Gelegenheit, mit Fachleuten in Kontakt zu treten. Sie suchen Ansprechpartner f\u00fcr bestimmte Sach- und &hellip; <\/p>\n<p class=\"link-more\"><a href=\"https:\/\/ggvd.de\/?page_id=95\" class=\"more-link\">Mehr <span class=\"screen-reader-text\">\u00fcber &#8222;Networking&#8220; <\/span>Lesen<\/a><\/p>\n","protected":false},"author":1,"featured_media":265,"parent":0,"menu_order":0,"comment_status":"closed","ping_status":"closed","template":"","meta":{"_themeisle_gutenberg_block_has_review":false,"footnotes":""},"class_list":["post-95","page","type-page","status-publish","has-post-thumbnail","hentry"],"jetpack_sharing_enabled":true,"_links":{"self":[{"href":"https:\/\/ggvd.de\/index.php?rest_route=\/wp\/v2\/pages\/95","targetHints":{"allow":["GET"]}}],"collection":[{"href":"https:\/\/ggvd.de\/index.php?rest_route=\/wp\/v2\/pages"}],"about":[{"href":"https:\/\/ggvd.de\/index.php?rest_route=\/wp\/v2\/types\/page"}],"author":[{"embeddable":true,"href":"https:\/\/ggvd.de\/index.php?rest_route=\/wp\/v2\/users\/1"}],"replies":[{"embeddable":true,"href":"https:\/\/ggvd.de\/index.php?rest_route=%2Fwp%2Fv2%2Fcomments&post=95"}],"version-history":[{"count":2,"href":"https:\/\/ggvd.de\/index.php?rest_route=\/wp\/v2\/pages\/95\/revisions"}],"predecessor-version":[{"id":203,"href":"https:\/\/ggvd.de\/index.php?rest_route=\/wp\/v2\/pages\/95\/revisions\/203"}],"wp:featuredmedia":[{"embeddable":true,"href":"https:\/\/ggvd.de\/index.php?rest_route=\/wp\/v2\/media\/265"}],"wp:attachment":[{"href":"https:\/\/ggvd.de\/index.php?rest_route=%2Fwp%2Fv2%2Fmedia&parent=95"}],"curies":[{"name":"wp","href":"https:\/\/api.w.org\/{rel}","templated":true}]}}