{"id":107,"date":"2023-12-01T15:40:24","date_gmt":"2023-12-01T15:40:24","guid":{"rendered":"http:\/\/ggvd.de\/?page_id=107"},"modified":"2024-05-02T18:25:10","modified_gmt":"2024-05-02T16:25:10","slug":"kontakt","status":"publish","type":"page","link":"https:\/\/ggvd.de\/?page_id=107","title":{"rendered":"Kontakt"},"content":{"rendered":"\n<p><br>Gefahrgutverband Deutschland e.V.<br>Op de Haare 17<br>46397 Bocholt <br>Vereinsregister: VR 211840<br>Registergericht: Amtsgericht Stuttgart<br><br>Vertreten durch:<br>Pr\u00e4sident: Thorsten Steffen<br>Vizepr\u00e4sident: Ralf Hiltmann<br>Schatzmeister: Kommissarisch Harald Bauer<br>Schriftf\u00fchrer: Robert Pyrkosch<br><br>Kontakt<br>Telefon: +49 (0) 174 96 14 368<br>E-Mail: info@ggvd.eu<\/p>\n","protected":false},"excerpt":{"rendered":"<p>Gefahrgutverband Deutschland e.V.Op de Haare 1746397 Bocholt Vereinsregister: VR 211840Registergericht: Amtsgericht Stuttgart Vertreten durch:Pr\u00e4sident: Thorsten SteffenVizepr\u00e4sident: Ralf HiltmannSchatzmeister: Kommissarisch Harald BauerSchriftf\u00fchrer: Robert Pyrkosch KontaktTelefon: +49 (0) 174 96 14 368E-Mail: info@ggvd.eu<\/p>\n","protected":false},"author":1,"featured_media":268,"parent":0,"menu_order":0,"comment_status":"closed","ping_status":"closed","template":"","meta":{"_themeisle_gutenberg_block_has_review":false,"footnotes":""},"class_list":["post-107","page","type-page","status-publish","has-post-thumbnail","hentry"],"jetpack_sharing_enabled":true,"_links":{"self":[{"href":"https:\/\/ggvd.de\/index.php?rest_route=\/wp\/v2\/pages\/107","targetHints":{"allow":["GET"]}}],"collection":[{"href":"https:\/\/ggvd.de\/index.php?rest_route=\/wp\/v2\/pages"}],"about":[{"href":"https:\/\/ggvd.de\/index.php?rest_route=\/wp\/v2\/types\/page"}],"author":[{"embeddable":true,"href":"https:\/\/ggvd.de\/index.php?rest_route=\/wp\/v2\/users\/1"}],"replies":[{"embeddable":true,"href":"https:\/\/ggvd.de\/index.php?rest_route=%2Fwp%2Fv2%2Fcomments&post=107"}],"version-history":[{"count":7,"href":"https:\/\/ggvd.de\/index.php?rest_route=\/wp\/v2\/pages\/107\/revisions"}],"predecessor-version":[{"id":351,"href":"https:\/\/ggvd.de\/index.php?rest_route=\/wp\/v2\/pages\/107\/revisions\/351"}],"wp:featuredmedia":[{"embeddable":true,"href":"https:\/\/ggvd.de\/index.php?rest_route=\/wp\/v2\/media\/268"}],"wp:attachment":[{"href":"https:\/\/ggvd.de\/index.php?rest_route=%2Fwp%2Fv2%2Fmedia&parent=107"}],"curies":[{"name":"wp","href":"https:\/\/api.w.org\/{rel}","templated":true}]}}